er when k is divided by 127?
76
Let z = -710 - -865. Calculate the remainder when z is divided by 12.
11
Let s = -14135 + 14153. What is the remainder when 364 is divided by s?
4
Let m be (-2 - -14)*27/18. Let h be 102/27 - (-4)/m. Suppose -17 - 18 = -2*q + 5*l, h*q - 5*l = 55. Calculate the remainder when 19 is divided by q.
9
Suppose -8*g + 3*g + 80 = 0. Let b(p) = p + 79. Suppose 264 + 132 = -11*t. Calculate the remainder when b(t) is divided by g.
11
Let c be (338/65)/((-1)/(-30)). Let k = c - 126. Calculate the remainder when k is divided by (-366)/(-21) + (-3)/7.
13
Suppose -2*i + 3*w + 192 = -2*w, w - 4 = 0. Suppose -i = -7*v + 27. Suppose v*k + 54 = 21*k. What is the remainder when 77 is divided by k?
23
Suppose -2*u = -6 - 4. Suppose 2 = -x + u*s, -2*x - 2*x = -s - 30. Suppose 0 = 3*k - 9. What is the remainder when x is divided by k?
2
Let j = -12625 + 12647. Suppose -17 = 2*m - 185. Calculate the remainder when m is divided by j.
18
Let z = 6046 - 6009. What is the remainder when 405 is divided by z?
35
What is the remainder when 2480 is divided by (207/12)/(8/(-192)*-9)?
42
Let a be ((-1236)/30)/((-1)/(-15)). Calculate the remainder when 69 is divided by a/(-16) - (-4 - (-203)/56).
30
Let x(u) = 4 - 1 - 1 - u**3 + 4*u**2 + 5*u. Suppose -10*w - 76 = -56. Calculate the remainder when 111 is divided by x(w).
15
Suppose 12*p + 17 - 77 = 0. What is the remainder when 77 is divided by p/((-125)/(-315)) - 4/(-10)?
12
Suppose -2*b + 47 = -19. What is the remainder when 2 - (-11 + 23 - 98) is divided by b?
22
Let y be 20/(-190) - 3574/(-19). Suppose y = 8*b - 1228. Calculate the remainder when b is divided by 36.
33
Calculate the remainder when 13/(832/24) + 11079/24 is divided by 47.
39
Suppose j + 3*u + 235 = 383, -2*j - 4*u = -312. Calculate the remainder when 545 is divided by j.
29
Let m = -1917 - -6220. What is the remainder when m is divided by 123?
121
Suppose -86*y + 56980 = -66*y. Calculate the remainder when y is divided by 92.
89
Let l(d) = -d**3 + 7*d**2 - 2*d - 1. Calculate the remainder when l(5) is divided by 288/10*(-7810)/(-7029).
7
Let y(o) = -36*o**3 - o**2 - 2*o. Suppose -6 = -m - f, -2*m - f + 10 = 1. Suppose 2 - m = z. What is the remainder when y(z) is divided by 10?
7
Suppose -5*t + 0 + 15 = 0. Let b(c) = -c**3 + 6*c**2 - 7*c + 1. Suppose -6*j - 8*j = -336. What is the remainder when j is divided by b(t)?
3
Let y(c) = -40*c - 47. Suppose 93 = 3*o - 3*n, -3*n - 4 = -1. What is the remainder when y(-2) is divided by o?
3
What is the remainder when 1807 is divided by ((23 - 285) + -1*6)/(-4)?
65
Calculate the remainder when (3047/55 - 8)/(3/10) is divided by 88.
70
Let y(c) = 2*c - 1. Let q be y(2). Let o(h) = h**3 + 4*h**2 - 5*h - 4. Let n(b) = b**2 - 10*b - 63. What is the remainder when o(q) is divided by n(15)?
8
Let m be (0 + 5)*(-14)/(-10). Let l be 5/(-2)*52/65 + 5. Suppose -4 = k, -195 - m = -l*x + 4*k. What is the remainder when x is divided by 17?
11
Let r = -469 + 473. Suppose -r = 4*h - 108. Let z(o) = -52*o - 1. Calculate the remainder when z(-2) is divided by h.
25
Suppose 4*f - r = 16, -19 = -f - 3*r - 15. Suppose 2*h = -3*u + 376, -111 = -f*u + 2*h + 381. Calculate the remainder when u is divided by 42.
40
Let z = 26 - 8. Let h be (213 - (4 - 2)) + 3 + 2. Suppose 0 = -2*t + 4*r + h, -t + 4*r + 49 = -61. Calculate the remainder when t is divided by z.
16
Suppose -53*c = -1407 - 2833. What is the remainder when 251 is divided by c?
11
Let f be 135468/45 - 10/25. Suppose f - 748 = 26*s. What is the remainder when s is divided by 22?
21
Let z(j) = -511*j + 6321. What is the remainder when 1509 is divided by z(12)?
186
Suppose 243*l = 106*l + 94*l + 4515. What is the remainder when 769 is divided by l?
34
Let d = 428 - 876. Let n = d + 488. What is the remainder when 78 is divided by n?
38
Let h(u) = u + 7. Let p(k) = -30*k + 196. What is the remainder when p(5) is divided by h(-3)?
2
What is the remainder when 612 is divided by -4 + 54/15 + 474*(-4)/(-15)?
108
What is the remainder when 4792 is divided by 366/5490 - 2818/(-30)?
92
Suppose -9*g - 412 = -2*y, -5*g = -102*y + 104*y - 412. What is the remainder when 666 is divided by y?
48
Let n(l) = 3*l - 4. Let h be n(7). Suppose -3*d - 13 - h = 4*x, 2*x + 40 = -4*d. What is the remainder when 24 is divided by (4/(-8)*d)/(2/2)?
4
Let s(t) = -231*t - 1760. What is the remainder when 109 is divided by s(-8)?
21
Let i = -2899 - -2952. Calculate the remainder when 1480 is divided by i.
49
Suppose -153212 = -122*q + 2826. What is the remainder when q is divided by 159?
7
Let c = -16507 - -16520. Let u(v) = 8*v + 4. Let x be u(3). Suppose -4*m = x - 228. What is the remainder when m is divided by c?
11
Let q = 2409 + -2106. What is the remainder when q is divided by 7?
2
Suppose -24 = -14*x + 146 + 68. Suppose 2*b - 570 = -4*z, 14 = 3*b + 5. What is the remainder when z is divided by x?
5
Suppose -83*i + u - 15 = -85*i, 4*u + 36 = 0. What is the remainder when 162 is divided by i?
6
Suppose 37*r + 5*b = 69326, -8*r + 4*r - 4*b = -7512. What is the remainder when 5624 is divided by r?
5
Let j = 39679 - 39655. Let d(p) = 9*p - 1. Calculate the remainder when d(5) is divided by j.
20
Suppose 0 = -73*n + 600 - 89. What is the remainder when n is divided by 8 - ((-3 - -9) + -2)?
3
Suppose 2*s = 5*u + 151 - 3, -88 = -s - u. Let f(l) = 0*l**2 - 21*l**3 + 1 - 200*l + 199*l - l**2. Calculate the remainder when s is divided by f(-1).
18
Let m(i) be the third derivative of i**5/60 + 5*i**4/24 - 19*i**3/6 + 50*i**2. Suppose 3*b = 849 - 201. Calculate the remainder when b is divided by m(-10).
30
Suppose 78*j - 73*j = 100. Calculate the remainder when 4916 is divided by j.
16
Suppose -3*g + 15 = -15. Suppose -1995*l + 2019*l - 4944 = 0. Calculate the remainder when l is divided by g.
6
Let r(o) = -298*o**2 + 1193*o + 2. What is the remainder when 195 is divided by r(4)?
3
Calculate the remainder when 906 is divided by ((-36)/(-21))/(0 + (-20)/(-1330)).
108
Let w = 878 + -398. Let l = w - 396. What is the remainder when l is divided by 24?
12
Let g = 27248 - 27228. Let a(l) = 98*l + 1. Calculate the remainder when a(1) is divided by g.
19
Let d(h) = -h**2 + 152*h + 101. Calculate the remainder when 323 is divided by d(151).
71
Let k(g) = 154*g**2 + 365*g - 7. Calculate the remainder when k(-4) is divided by 11.
7
Suppose 4*j - 2*g - 10 = 0, -3*j - 4*g = -13 - 22. Let r = -91 - -178. What is the remainder when r is divided by j?
2
Suppose 22*j = 17*j + 60. Calculate the remainder when 9/(27/j) - -26 is divided by 17.
13
Calculate the remainder when 20637 is divided by 6*5/(-390) - (-261)/13.
17
Suppose -13*n + 3767150 = 282*n. Calculate the remainder when n is divided by 53.
50
Suppose -5097*b = -5096*b - 64. What is the remainder when (-1724)/(-3) + (-1)/(-3) is divided by b?
63
Let n = -428 - -395. Let p = -9 - n. What is the remainder when p is divided by 4?
0
Let n(p) be the third derivative of -p**5/60 - p**4/3 + 73*p**3/6 - p**2 + 67*p. Let r(z) = -10*z - 2. Calculate the remainder when n(-10) is divided by r(-3).
25
Let u(a) = 2*a**3 - 126*a**2 - 123*a + 524. What is the remainder when 1700 is divided by u(64)?
12
Suppose 0 = -248*u + 252*u + 12. What is the remainder when 108 is divided by 1 - (u - 1 - 37)?
24
Suppose 0 = -3*u + 2*u. Suppose -t + 56 - 4 = u. What is the remainder when t is divided by (-23 - 688/(-32))*(-9 + -1 + 4)?
7
Calculate the remainder when (1 - 0) + 725 + -218 + 224 is divided by 359.
14
Suppose 5*o + 7*j - 2*j = 10, 2*o - 3*j = -11. Let k(t) = -16*t - 3. What is the remainder when k(o) is divided by 4?
1
Let b = 18927 - 18767. What is the remainder when 2075 is divided by b?
155
Let k be (-6*3/(-12))/(18/60). Suppose -3*i + y = -y - 214, -k*i + 5*y + 355 = 0. Suppose -21*o - 68 + 866 = 0. Calculate the remainder when i is divided by o.
34
Let k be 2/(-1)*-8 + -3*1. Suppose -5*f = -z + k, -f - 2*z - 13 = 2*f. Calculate the remainder when (-6)/18 - 286/f is divided by 24.
23
Let r(k) = -5*k - 6. Let v(x) = -6*x + 105. Let u be v(17). Suppose -2*n + 20 = 4*o, -3*n + u*o + 33 = 12. What is the remainder when r(-9) is divided by n?
7
Suppose -17*l + 7*l + 40 = 0. What is the remainder when 147 is divided by (2/l)/((-2)/(-148))?
36
Suppose 3705 - 1